{"id":13,"date":"2023-11-25T00:24:37","date_gmt":"2023-11-25T03:24:37","guid":{"rendered":"https:\/\/cienciapolitica-abcp.online\/?page_id=13"},"modified":"2026-01-15T14:19:34","modified_gmt":"2026-01-15T14:19:34","slug":"inicial","status":"publish","type":"page","link":"https:\/\/cienciapolitica.org.br\/web\/","title":{"rendered":"Inicial"},"content":{"rendered":"\t\t<div data-elementor-type=\"wp-post\" data-elementor-id=\"13\" class=\"elementor elementor-13\">\n\t\t\t\t<div class=\"elementor-element elementor-element-63acc7f e-con-full e-flex wpr-particle-no wpr-jarallax-no wpr-parallax-no wpr-sticky-section-no wpr-equal-height-no e-con e-parent\" data-id=\"63acc7f\" data-element_type=\"container\" data-e-type=\"container\">\n\t\t\t\t<div class=\"elementor-element elementor-element-a3b76b2 elementor-widget__width-inherit elementor-widget elementor-widget-image-carousel\" data-id=\"a3b76b2\" data-element_type=\"widget\" data-e-type=\"widget\" data-settings=\"{&quot;slides_to_show&quot;:&quot;1&quot;,&quot;navigation&quot;:&quot;none&quot;,&quot;autoplay&quot;:&quot;no&quot;,&quot;effect&quot;:&quot;slide&quot;,&quot;speed&quot;:500}\" data-widget_type=\"image-carousel.default\">\n\t\t\t\t<div class=\"elementor-widget-container\">\n\t\t\t\t\t\t\t<div class=\"elementor-image-carousel-wrapper swiper\" role=\"region\" aria-roledescription=\"carousel\" aria-label=\"Carrossel de imagens\" dir=\"ltr\">\n\t\t\t<div class=\"elementor-image-carousel swiper-wrapper\" aria-live=\"polite\">\n\t\t\t\t\t\t\t\t<div class=\"swiper-slide\" role=\"group\" aria-roledescription=\"slide\" aria-label=\"1 de 1\"><a data-elementor-open-lightbox=\"yes\" data-elementor-lightbox-slideshow=\"a3b76b2\" data-elementor-lightbox-title=\"Banner - site\" data-e-action-hash=\"#elementor-action%3Aaction%3Dlightbox%26settings%3DeyJpZCI6MzYyNCwidXJsIjoiaHR0cHM6XC9cL2NpZW5jaWFwb2xpdGljYS5vcmcuYnJcL3dlYlwvd3AtY29udGVudFwvdXBsb2Fkc1wvMjAyNlwvMDFcL0Jhbm5lci1zaXRlLTEtc2NhbGVkLnBuZyIsInNsaWRlc2hvdyI6ImEzYjc2YjIifQ%3D%3D\" href=\"https:\/\/www.abcp2026.sinteseeventos.com.br\"><figure class=\"swiper-slide-inner\"><img decoding=\"async\" class=\"swiper-slide-image\" src=\"https:\/\/cienciapolitica.org.br\/web\/wp-content\/uploads\/2026\/01\/Banner-site-1-scaled.png\" alt=\"Banner - site\" \/><\/figure><\/a><\/div>\t\t\t<\/div>\n\t\t\t\t\t<\/div>\n\t\t\t\t\t\t<\/div>\n\t\t\t\t<\/div>\n\t\t\t\t<\/div>\n\t\t<div class=\"elementor-element elementor-element-602340a e-con-full e-flex wpr-particle-no wpr-jarallax-no wpr-parallax-no wpr-sticky-section-no wpr-equal-height-no e-con e-parent\" data-id=\"602340a\" data-element_type=\"container\" data-e-type=\"container\">\n\t\t\t\t<\/div>\n\t\t<div class=\"elementor-element elementor-element-9c6061a e-flex e-con-boxed wpr-particle-no wpr-jarallax-no wpr-parallax-no wpr-sticky-section-no wpr-equal-height-no e-con e-parent\" data-id=\"9c6061a\" data-element_type=\"container\" data-e-type=\"container\" data-settings=\"{&quot;background_background&quot;:&quot;classic&quot;}\">\n\t\t\t\t\t<div class=\"e-con-inner\">\n\t\t<div class=\"elementor-element elementor-element-e498fb2 e-con-full e-flex wpr-particle-no wpr-jarallax-no wpr-parallax-no wpr-sticky-section-no wpr-equal-height-no e-con e-child\" data-id=\"e498fb2\" data-element_type=\"container\" data-e-type=\"container\" data-settings=\"{&quot;background_background&quot;:&quot;classic&quot;}\">\n\t\t\t\t<div class=\"elementor-element elementor-element-41cd2f7 elementor-widget elementor-widget-heading\" data-id=\"41cd2f7\" data-element_type=\"widget\" data-e-type=\"widget\" data-widget_type=\"heading.default\">\n\t\t\t\t<div class=\"elementor-widget-container\">\n\t\t\t\t\t<h5 class=\"elementor-heading-title elementor-size-default\">Participe dos encontros e atividades relacionados \u00e0 Ci\u00eancia Pol\u00edtica<\/h5>\t\t\t\t<\/div>\n\t\t\t\t<\/div>\n\t\t\t\t<\/div>\n\t\t<div class=\"elementor-element elementor-element-e9300c5 e-con-full e-flex wpr-particle-no wpr-jarallax-no wpr-parallax-no wpr-sticky-section-no wpr-equal-height-no e-con e-child\" data-id=\"e9300c5\" data-element_type=\"container\" data-e-type=\"container\">\n\t\t\t\t<div class=\"elementor-element elementor-element-b6811a6 elementor-widget elementor-widget-button\" data-id=\"b6811a6\" data-element_type=\"widget\" data-e-type=\"widget\" data-widget_type=\"button.default\">\n\t\t\t\t<div class=\"elementor-widget-container\">\n\t\t\t\t\t\t\t\t\t<div class=\"elementor-button-wrapper\">\n\t\t\t\t\t<a class=\"elementor-button elementor-button-link elementor-size-sm\" href=\"https:\/\/tmp.cienciapolitica.org.br\/institucional\/seja-associado\/\">\n\t\t\t\t\t\t<span class=\"elementor-button-content-wrapper\">\n\t\t\t\t\t\t\t\t\t<span class=\"elementor-button-text\">Associe-se \u00e0 ABCP<\/span>\n\t\t\t\t\t<\/span>\n\t\t\t\t\t<\/a>\n\t\t\t\t<\/div>\n\t\t\t\t\t\t\t\t<\/div>\n\t\t\t\t<\/div>\n\t\t\t\t<\/div>\n\t\t\t\t\t<\/div>\n\t\t\t\t<\/div>\n\t\t<div class=\"elementor-element elementor-element-cda8573 e-flex e-con-boxed wpr-particle-no wpr-jarallax-no wpr-parallax-no wpr-sticky-section-no wpr-equal-height-no e-con e-parent\" data-id=\"cda8573\" data-element_type=\"container\" data-e-type=\"container\" data-settings=\"{&quot;background_background&quot;:&quot;classic&quot;}\">\n\t\t\t\t\t<div class=\"e-con-inner\">\n\t\t\t\t<div class=\"elementor-element elementor-element-defb73b wpr-grid-columns-3 wpr-grid-columns--tablet2 wpr-grid-columns--mobile1 wpr-item-styles-inner elementor-widget elementor-widget-wpr-grid\" data-id=\"defb73b\" data-element_type=\"widget\" data-e-type=\"widget\" data-widget_type=\"wpr-grid.default\">\n\t\t\t\t<div class=\"elementor-widget-container\">\n\t\t\t\t\t<ul class=\"wpr-grid-filters elementor-clearfix wpr-grid-filters-sep-right\"><li class=\" wpr-pointer-none wpr-pointer-line-fx wpr-pointer-fx-none\"><span  data-filter=\"*\" class=\"wpr-grid-filters-item wpr-active-filter \">All Posts<\/span><em class=\"wpr-grid-filters-sep\"><\/em><\/li><li class=\" wpr-pointer-none wpr-pointer-line-fx wpr-pointer-fx-none\"><span   data-ajax-filter=[\"category\",\"artigos\"]  data-filter=\".category-artigos\">Artigos<\/span><em class=\"wpr-grid-filters-sep\"><\/em><\/li><li class=\" wpr-pointer-none wpr-pointer-line-fx wpr-pointer-fx-none\"><span   data-ajax-filter=[\"category\",\"eleicoes\"]  data-filter=\".category-eleicoes\">Elei\u00e7\u00f5es<\/span><em class=\"wpr-grid-filters-sep\"><\/em><\/li><li class=\" wpr-pointer-none wpr-pointer-line-fx wpr-pointer-fx-none\"><span   data-ajax-filter=[\"category\",\"eventos\"]  data-filter=\".category-eventos\">Eventos<\/span><em class=\"wpr-grid-filters-sep\"><\/em><\/li><li class=\" wpr-pointer-none wpr-pointer-line-fx wpr-pointer-fx-none\"><span   data-ajax-filter=[\"category\",\"notas\"]  data-filter=\".category-notas\">Notas<\/span><em class=\"wpr-grid-filters-sep\"><\/em><\/li><li class=\" wpr-pointer-none wpr-pointer-line-fx wpr-pointer-fx-none\"><span   data-ajax-filter=[\"category\",\"blog\"]  data-filter=\".category-blog\">Not\u00edcias<\/span><em class=\"wpr-grid-filters-sep\"><\/em><\/li><li class=\" wpr-pointer-none wpr-pointer-line-fx wpr-pointer-fx-none\"><span   data-ajax-filter=[\"category\",\"repositorio-textos-academicos\"]  data-filter=\".category-repositorio-textos-academicos\">Reposit\u00f3rio Textos Acad\u00eamicos<\/span><em class=\"wpr-grid-filters-sep\"><\/em><\/li><li class=\" wpr-pointer-none wpr-pointer-line-fx wpr-pointer-fx-none\"><span   data-ajax-filter=[\"category\",\"semirarios-e-cursos\"]  data-filter=\".category-semirarios-e-cursos\">Semir\u00e1rios e cursos<\/span><em class=\"wpr-grid-filters-sep\"><\/em><\/li><\/ul><section class=\"wpr-grid elementor-clearfix\" data-settings=\"{&quot;layout&quot;:&quot;fitRows&quot;,&quot;stick_last_element_to_bottom&quot;:&quot;&quot;,&quot;columns_desktop&quot;:3,&quot;gutter_hr&quot;:40,&quot;gutter_hr_mobile&quot;:40,&quot;gutter_hr_mobile_extra&quot;:40,&quot;gutter_hr_tablet&quot;:40,&quot;gutter_hr_tablet_extra&quot;:40,&quot;gutter_hr_laptop&quot;:40,&quot;gutter_hr_widescreen&quot;:40,&quot;gutter_vr&quot;:15,&quot;gutter_vr_mobile&quot;:15,&quot;gutter_vr_mobile_extra&quot;:15,&quot;gutter_vr_tablet&quot;:15,&quot;gutter_vr_tablet_extra&quot;:15,&quot;gutter_vr_laptop&quot;:15,&quot;gutter_vr_widescreen&quot;:15,&quot;animation&quot;:&quot;default&quot;,&quot;animation_duration&quot;:0.299999999999999988897769753748434595763683319091796875,&quot;animation_delay&quot;:0.1000000000000000055511151231257827021181583404541015625,&quot;deeplinking&quot;:&quot;&quot;,&quot;filters_linkable&quot;:&quot;no&quot;,&quot;filters_default_filter&quot;:&quot;&quot;,&quot;filters_count&quot;:&quot;&quot;,&quot;filters_hide_empty&quot;:&quot;no&quot;,&quot;filters_animation&quot;:&quot;default&quot;,&quot;filters_animation_duration&quot;:0.299999999999999988897769753748434595763683319091796875,&quot;filters_animation_delay&quot;:0.1000000000000000055511151231257827021181583404541015625,&quot;pagination_type&quot;:&quot;load-more&quot;,&quot;pagination_max_pages&quot;:44,&quot;lightbox&quot;:{&quot;selector&quot;:&quot;.wpr-grid-image-wrap&quot;,&quot;iframeMaxWidth&quot;:&quot;60%&quot;,&quot;hash&quot;:false,&quot;autoplay&quot;:&quot;true&quot;,&quot;pause&quot;:5000,&quot;progressBar&quot;:&quot;true&quot;,&quot;counter&quot;:&quot;true&quot;,&quot;controls&quot;:&quot;true&quot;,&quot;getCaptionFromTitleOrAlt&quot;:&quot;true&quot;,&quot;thumbnail&quot;:&quot;&quot;,&quot;showThumbByDefault&quot;:&quot;&quot;,&quot;share&quot;:&quot;&quot;,&quot;zoom&quot;:&quot;true&quot;,&quot;fullScreen&quot;:&quot;true&quot;,&quot;download&quot;:&quot;true&quot;}}\" data-advanced-filters=\"no\"><article class=\"wpr-grid-item elementor-clearfix post-3698 post type-post status-publish format-standard hentry category-blog\"><div class=\"wpr-grid-item-inner\"><div class=\"wpr-grid-item-below-content elementor-clearfix\"><h2 class=\"wpr-grid-item-title elementor-repeater-item-5d4bfc1 wpr-grid-item-display-block wpr-grid-item-align-left wpr-pointer-none wpr-pointer-line-fx wpr-pointer-fx-fade\"><div class=\"inner-block\"><a target=\"_self\"  href=\"https:\/\/cienciapolitica.org.br\/web\/resultado-do-premio-melhor-tese-edicao-2025\/\">Resultado do Pr\u00eamio Melhor Tese | Edi\u00e7\u00e3o 2025<\/a><\/div><\/h2><div class=\"wpr-grid-item-date elementor-repeater-item-2b55ab5 wpr-grid-item-display-inline wpr-grid-item-align-left\"><div class=\"inner-block\"><span>20 de abril de 2026<span class=\"wpr-grid-extra-text-right\">\/<\/span><\/span><\/div><\/div><div class=\"wpr-grid-item-category elementor-repeater-item-9fa67a9 wpr-grid-item-display-inline wpr-grid-item-align-left wpr-pointer-none wpr-pointer-line-fx wpr-pointer-fx-fade wpr-grid-tax-style-1\"><div class=\"inner-block\"><a class=\" wpr-tax-id-3\" href=\"https:\/\/cienciapolitica.org.br\/web\/category\/blog\/\">Not\u00edcias<\/a><\/div><\/div><div class=\"wpr-grid-item-excerpt elementor-repeater-item-682bd97 wpr-grid-item-display-block wpr-grid-item-align-left\"><div class=\"inner-block\"><p>A Comiss\u00e3o do Pr\u00eamio Melhor Tese \u2013 Edi\u00e7\u00e3o 2025 tem a satisfa\u00e7\u00e3o de anunciar como vencedora a tese \u201cEntre palos,...<\/p><\/div><\/div><div class=\"wpr-grid-item-read-more elementor-repeater-item-618509e wpr-grid-item-display-block wpr-grid-item-align-left\"><div class=\"inner-block\"><a target=\"_self\" href=\"https:\/\/cienciapolitica.org.br\/web\/resultado-do-premio-melhor-tese-edicao-2025\/\" class=\"wpr-button-effect wpr-button-none\"><span>Leia mais<\/span><\/a><\/div><\/div><\/div><\/div><\/article><article class=\"wpr-grid-item elementor-clearfix post-3690 post type-post status-publish format-standard hentry category-blog\"><div class=\"wpr-grid-item-inner\"><div class=\"wpr-grid-item-below-content elementor-clearfix\"><h2 class=\"wpr-grid-item-title elementor-repeater-item-5d4bfc1 wpr-grid-item-display-block wpr-grid-item-align-left wpr-pointer-none wpr-pointer-line-fx wpr-pointer-fx-fade\"><div class=\"inner-block\"><a target=\"_self\"  href=\"https:\/\/cienciapolitica.org.br\/web\/prorrogacao-premio-lelia-gonzalez-para-artigos-com-tematicas-sobre-questoes-etnico-raciais-e-de-genero\/\">[PRORROGA\u00c7\u00c3O] Pr\u00eamio L\u00e9lia Gonzalez para artigos com tem\u00e1ticas sobre quest\u00f5es \u00e9tnico-raciais e de g\u00eanero<\/a><\/div><\/h2><div class=\"wpr-grid-item-date elementor-repeater-item-2b55ab5 wpr-grid-item-display-inline wpr-grid-item-align-left\"><div class=\"inner-block\"><span>31 de mar\u00e7o de 2026<span class=\"wpr-grid-extra-text-right\">\/<\/span><\/span><\/div><\/div><div class=\"wpr-grid-item-category elementor-repeater-item-9fa67a9 wpr-grid-item-display-inline wpr-grid-item-align-left wpr-pointer-none wpr-pointer-line-fx wpr-pointer-fx-fade wpr-grid-tax-style-1\"><div class=\"inner-block\"><a class=\" wpr-tax-id-3\" href=\"https:\/\/cienciapolitica.org.br\/web\/category\/blog\/\">Not\u00edcias<\/a><\/div><\/div><div class=\"wpr-grid-item-excerpt elementor-repeater-item-682bd97 wpr-grid-item-display-block wpr-grid-item-align-left\"><div class=\"inner-block\"><p>Edital de Prorroga\u00e7\u00e3o das Inscri\u00e7\u00f5es no Pr\u00eamio L\u00e9lia Gonzalez para artigos com tem\u00e1ticas sobre quest\u00f5es \u00e9tnico-raciais e de g\u00eanero DOS...<\/p><\/div><\/div><div class=\"wpr-grid-item-read-more elementor-repeater-item-618509e wpr-grid-item-display-block wpr-grid-item-align-left\"><div class=\"inner-block\"><a target=\"_self\" href=\"https:\/\/cienciapolitica.org.br\/web\/prorrogacao-premio-lelia-gonzalez-para-artigos-com-tematicas-sobre-questoes-etnico-raciais-e-de-genero\/\" class=\"wpr-button-effect wpr-button-none\"><span>Leia mais<\/span><\/a><\/div><\/div><\/div><\/div><\/article><article class=\"wpr-grid-item elementor-clearfix post-3685 post type-post status-publish format-standard hentry category-blog\"><div class=\"wpr-grid-item-inner\"><div class=\"wpr-grid-item-below-content elementor-clearfix\"><h2 class=\"wpr-grid-item-title elementor-repeater-item-5d4bfc1 wpr-grid-item-display-block wpr-grid-item-align-left wpr-pointer-none wpr-pointer-line-fx wpr-pointer-fx-fade\"><div class=\"inner-block\"><a target=\"_self\"  href=\"https:\/\/cienciapolitica.org.br\/web\/retificacao-edital-do-premio-vitor-nunes-leal\/\">[Retifica\u00e7\u00e3o] EDITAL DO PREMIO VITOR NUNES LEAL<\/a><\/div><\/h2><div class=\"wpr-grid-item-date elementor-repeater-item-2b55ab5 wpr-grid-item-display-inline wpr-grid-item-align-left\"><div class=\"inner-block\"><span>24 de mar\u00e7o de 2026<span class=\"wpr-grid-extra-text-right\">\/<\/span><\/span><\/div><\/div><div class=\"wpr-grid-item-category elementor-repeater-item-9fa67a9 wpr-grid-item-display-inline wpr-grid-item-align-left wpr-pointer-none wpr-pointer-line-fx wpr-pointer-fx-fade wpr-grid-tax-style-1\"><div class=\"inner-block\"><a class=\" wpr-tax-id-3\" href=\"https:\/\/cienciapolitica.org.br\/web\/category\/blog\/\">Not\u00edcias<\/a><\/div><\/div><div class=\"wpr-grid-item-excerpt elementor-repeater-item-682bd97 wpr-grid-item-display-block wpr-grid-item-align-left\"><div class=\"inner-block\"><p>EDITAL DE RETIFICA\u00c7\u00c3O DO EDITAL DO PREMIO VITOR NUNES LEAL Onde se l\u00ea:Art. 2\u00ba \u2013 O concurso destina -se a...<\/p><\/div><\/div><div class=\"wpr-grid-item-read-more elementor-repeater-item-618509e wpr-grid-item-display-block wpr-grid-item-align-left\"><div class=\"inner-block\"><a target=\"_self\" href=\"https:\/\/cienciapolitica.org.br\/web\/retificacao-edital-do-premio-vitor-nunes-leal\/\" class=\"wpr-button-effect wpr-button-none\"><span>Leia mais<\/span><\/a><\/div><\/div><\/div><\/div><\/article><article class=\"wpr-grid-item elementor-clearfix post-3680 post type-post status-publish format-standard hentry category-blog\"><div class=\"wpr-grid-item-inner\"><div class=\"wpr-grid-item-below-content elementor-clearfix\"><h2 class=\"wpr-grid-item-title elementor-repeater-item-5d4bfc1 wpr-grid-item-display-block wpr-grid-item-align-left wpr-pointer-none wpr-pointer-line-fx wpr-pointer-fx-fade\"><div class=\"inner-block\"><a target=\"_self\"  href=\"https:\/\/cienciapolitica.org.br\/web\/chamada-publica-apresentacao-de-candidaturas-para-sede-do-16o-encontro-da-associacao-brasileira-de-ciencia-politica-abcp\/\">CHAMADA P\u00daBLICA &#8211; Apresenta\u00e7\u00e3o de Candidaturas para Sede do 16\u00ba Encontro da Associa\u00e7\u00e3o Brasileira de Ci\u00eancia Pol\u00edtica (ABCP)<\/a><\/div><\/h2><div class=\"wpr-grid-item-date elementor-repeater-item-2b55ab5 wpr-grid-item-display-inline wpr-grid-item-align-left\"><div class=\"inner-block\"><span>17 de mar\u00e7o de 2026<span class=\"wpr-grid-extra-text-right\">\/<\/span><\/span><\/div><\/div><div class=\"wpr-grid-item-category elementor-repeater-item-9fa67a9 wpr-grid-item-display-inline wpr-grid-item-align-left wpr-pointer-none wpr-pointer-line-fx wpr-pointer-fx-fade wpr-grid-tax-style-1\"><div class=\"inner-block\"><a class=\" wpr-tax-id-3\" href=\"https:\/\/cienciapolitica.org.br\/web\/category\/blog\/\">Not\u00edcias<\/a><\/div><\/div><div class=\"wpr-grid-item-excerpt elementor-repeater-item-682bd97 wpr-grid-item-display-block wpr-grid-item-align-left\"><div class=\"inner-block\"><p>A Associa\u00e7\u00e3o Brasileira de Ci\u00eancia Pol\u00edtica (ABCP) torna p\u00fablica a abertura de chamada para sele\u00e7\u00e3o da institui\u00e7\u00e3o sede do 16\u00ba...<\/p><\/div><\/div><div class=\"wpr-grid-item-read-more elementor-repeater-item-618509e wpr-grid-item-display-block wpr-grid-item-align-left\"><div class=\"inner-block\"><a target=\"_self\" href=\"https:\/\/cienciapolitica.org.br\/web\/chamada-publica-apresentacao-de-candidaturas-para-sede-do-16o-encontro-da-associacao-brasileira-de-ciencia-politica-abcp\/\" class=\"wpr-button-effect wpr-button-none\"><span>Leia mais<\/span><\/a><\/div><\/div><\/div><\/div><\/article><article class=\"wpr-grid-item elementor-clearfix post-3672 post type-post status-publish format-standard hentry category-blog\"><div class=\"wpr-grid-item-inner\"><div class=\"wpr-grid-item-below-content elementor-clearfix\"><h2 class=\"wpr-grid-item-title elementor-repeater-item-5d4bfc1 wpr-grid-item-display-block wpr-grid-item-align-left wpr-pointer-none wpr-pointer-line-fx wpr-pointer-fx-fade\"><div class=\"inner-block\"><a target=\"_self\"  href=\"https:\/\/cienciapolitica.org.br\/web\/premio-lelia-gonzalez-para-artigos-com-tematicas-sobre-questoes-etnico-raciais-e-de-genero\/\">Pr\u00eamio L\u00e9lia Gonzalez para artigos com tem\u00e1ticas sobre quest\u00f5es \u00e9tnico-raciais e de g\u00eanero<\/a><\/div><\/h2><div class=\"wpr-grid-item-date elementor-repeater-item-2b55ab5 wpr-grid-item-display-inline wpr-grid-item-align-left\"><div class=\"inner-block\"><span>17 de mar\u00e7o de 2026<span class=\"wpr-grid-extra-text-right\">\/<\/span><\/span><\/div><\/div><div class=\"wpr-grid-item-category elementor-repeater-item-9fa67a9 wpr-grid-item-display-inline wpr-grid-item-align-left wpr-pointer-none wpr-pointer-line-fx wpr-pointer-fx-fade wpr-grid-tax-style-1\"><div class=\"inner-block\"><a class=\" wpr-tax-id-3\" href=\"https:\/\/cienciapolitica.org.br\/web\/category\/blog\/\">Not\u00edcias<\/a><\/div><\/div><div class=\"wpr-grid-item-excerpt elementor-repeater-item-682bd97 wpr-grid-item-display-block wpr-grid-item-align-left\"><div class=\"inner-block\"><p>A Associa\u00e7\u00e3o Brasileira de Ci\u00eancia Pol\u00edtica (ABCP) anuncia a reedi\u00e7\u00e3o de seu Pr\u00eamio L\u00e9lia Gonzalez, desta vez ampliado para contemplar...<\/p><\/div><\/div><div class=\"wpr-grid-item-read-more elementor-repeater-item-618509e wpr-grid-item-display-block wpr-grid-item-align-left\"><div class=\"inner-block\"><a target=\"_self\" href=\"https:\/\/cienciapolitica.org.br\/web\/premio-lelia-gonzalez-para-artigos-com-tematicas-sobre-questoes-etnico-raciais-e-de-genero\/\" class=\"wpr-button-effect wpr-button-none\"><span>Leia mais<\/span><\/a><\/div><\/div><\/div><\/div><\/article><article class=\"wpr-grid-item elementor-clearfix post-3669 post type-post status-publish format-standard hentry category-blog\"><div class=\"wpr-grid-item-inner\"><div class=\"wpr-grid-item-below-content elementor-clearfix\"><h2 class=\"wpr-grid-item-title elementor-repeater-item-5d4bfc1 wpr-grid-item-display-block wpr-grid-item-align-left wpr-pointer-none wpr-pointer-line-fx wpr-pointer-fx-fade\"><div class=\"inner-block\"><a target=\"_self\"  href=\"https:\/\/cienciapolitica.org.br\/web\/edital-premio-abcp-quaest-edicao-2026-15o-encontro-abcp\/\">EDITAL \u2013 PR\u00caMIO ABCP\/QUAEST \u2013 Edi\u00e7\u00e3o 2026 &#8211; 15\u00ba Encontro ABCP<\/a><\/div><\/h2><div class=\"wpr-grid-item-date elementor-repeater-item-2b55ab5 wpr-grid-item-display-inline wpr-grid-item-align-left\"><div class=\"inner-block\"><span>17 de mar\u00e7o de 2026<span class=\"wpr-grid-extra-text-right\">\/<\/span><\/span><\/div><\/div><div class=\"wpr-grid-item-category elementor-repeater-item-9fa67a9 wpr-grid-item-display-inline wpr-grid-item-align-left wpr-pointer-none wpr-pointer-line-fx wpr-pointer-fx-fade wpr-grid-tax-style-1\"><div class=\"inner-block\"><a class=\" wpr-tax-id-3\" href=\"https:\/\/cienciapolitica.org.br\/web\/category\/blog\/\">Not\u00edcias<\/a><\/div><\/div><div class=\"wpr-grid-item-excerpt elementor-repeater-item-682bd97 wpr-grid-item-display-block wpr-grid-item-align-left\"><div class=\"inner-block\"><p>A Associa\u00e7\u00e3o Brasileira de Ci\u00eancia Pol\u00edtica (ABCP), em parceria com a Quaest Pesquisas, Consultoria e Projetos Ltda., torna p\u00fablico o...<\/p><\/div><\/div><div class=\"wpr-grid-item-read-more elementor-repeater-item-618509e wpr-grid-item-display-block wpr-grid-item-align-left\"><div class=\"inner-block\"><a target=\"_self\" href=\"https:\/\/cienciapolitica.org.br\/web\/edital-premio-abcp-quaest-edicao-2026-15o-encontro-abcp\/\" class=\"wpr-button-effect wpr-button-none\"><span>Leia mais<\/span><\/a><\/div><\/div><\/div><\/div><\/article><\/section>\t\t\t\t<\/div>\n\t\t\t\t<\/div>\n\t\t\t\t<div class=\"elementor-element elementor-element-5282e79 elementor-align-center elementor-widget elementor-widget-button\" data-id=\"5282e79\" data-element_type=\"widget\" data-e-type=\"widget\" data-widget_type=\"button.default\">\n\t\t\t\t<div class=\"elementor-widget-container\">\n\t\t\t\t\t\t\t\t\t<div class=\"elementor-button-wrapper\">\n\t\t\t\t\t<a class=\"elementor-button elementor-button-link elementor-size-sm\" href=\"https:\/\/cienciapolitica.org.br\/web\/category\/blog\/\">\n\t\t\t\t\t\t<span class=\"elementor-button-content-wrapper\">\n\t\t\t\t\t\t\t\t\t<span class=\"elementor-button-text\">Veja mais not\u00edcias<\/span>\n\t\t\t\t\t<\/span>\n\t\t\t\t\t<\/a>\n\t\t\t\t<\/div>\n\t\t\t\t\t\t\t\t<\/div>\n\t\t\t\t<\/div>\n\t\t\t\t\t<\/div>\n\t\t\t\t<\/div>\n\t\t<div class=\"elementor-element elementor-element-0f79c8a e-flex e-con-boxed wpr-particle-no wpr-jarallax-no wpr-parallax-no wpr-sticky-section-no wpr-equal-height-no e-con e-parent\" data-id=\"0f79c8a\" data-element_type=\"container\" data-e-type=\"container\">\n\t\t\t\t\t<div class=\"e-con-inner\">\n\t\t\t\t<div class=\"elementor-element elementor-element-9dd2bae elementor-widget elementor-widget-spacer\" data-id=\"9dd2bae\" data-element_type=\"widget\" data-e-type=\"widget\" data-widget_type=\"spacer.default\">\n\t\t\t\t<div class=\"elementor-widget-container\">\n\t\t\t\t\t\t\t<div class=\"elementor-spacer\">\n\t\t\t<div class=\"elementor-spacer-inner\"><\/div>\n\t\t<\/div>\n\t\t\t\t\t\t<\/div>\n\t\t\t\t<\/div>\n\t\t\t\t\t<\/div>\n\t\t\t\t<\/div>\n\t\t<div class=\"elementor-element elementor-element-0234a55 e-flex e-con-boxed wpr-particle-no wpr-jarallax-no wpr-parallax-no wpr-sticky-section-no wpr-equal-height-no e-con e-parent\" data-id=\"0234a55\" data-element_type=\"container\" data-e-type=\"container\">\n\t\t\t\t\t<div class=\"e-con-inner\">\n\t\t\t\t\t<\/div>\n\t\t\t\t<\/div>\n\t\t\t\t<\/div>\n\t\t","protected":false},"excerpt":{"rendered":"<p>Participe dos encontros e atividades relacionados \u00e0 Ci\u00eancia Pol\u00edtica Associe-se \u00e0 ABCP All Posts Artigos Elei\u00e7\u00f5es Eventos Notas Not\u00edcias Reposit\u00f3rio Textos Acad\u00eamicos Semir\u00e1rios e cursos AVISO &#8211; Prorroga\u00e7\u00e3o 30 de dezembro de 2025\/Not\u00edcias Pr\u00eamio de Melhor Tese de Doutorado da ABCP| Edi\u00e7\u00e3o &#8211; 2025 A Associa\u00e7\u00e3o Brasileira de Ci\u00eancia Pol\u00edtica torna p\u00fablica a&#8230; Leia mais Nota: Quem analisa as Elei\u00e7\u00f5es de 2026? 7 de outubro de 2025\/Not\u00edcias O Grupo Globo lan\u00e7ou, nesta semana, uma publica\u00e7\u00e3o intitulada \u201cQUEM SER\u00c1 O PR\u00d3XIMO PRESIDENTE? O QUE VAI DECIDIR A ELEI\u00c7\u00c3O&#8230; Leia mais RESULTADO FINAL | Edital: Profissionaliza\u00e7\u00e3o da Ci\u00eancia Pol\u00edtica 27 de setembro de 2025\/Not\u00edcias Edital 2025 | Programa de Aux\u00edlio \u00e0 Pesquisa da ABCP: Profissionaliza\u00e7\u00e3o da Ci\u00eancia Pol\u00edtica RESULTADO FINAL A comiss\u00e3o de avalia\u00e7\u00e3o&#8230; Leia mais Chamada para Trabalhos: Workshop sobre Pol\u00edtica Externa, Pol\u00edticas P\u00fablicas e Coopera\u00e7\u00e3o Sul-Sul 12 de setembro de 2025\/Not\u00edcias O Laborat\u00f3rio de Pol\u00edticas P\u00fablicas Internacionais (Laboppi) da Universidade Federal de S\u00e3o Paulo (Unifesp) convida pesquisadores, gestores e profissionais a&#8230; Leia mais REPSAL &#8211; Resultado 8 de setembro de 2025\/Not\u00edcias A ABCP tem a alegria de anunciar a Luiza Aikawa da Silveira Rocha, doutoranda do PPGCP da UFMG como a&#8230; Leia mais RETIFICA\u00c7\u00c3O \u2013 Edital 2025 | Programa de Aux\u00edlio \u00e0 Pesquisa da ABCP: Profissionaliza\u00e7\u00e3o da Ci\u00eancia Pol\u00edtica 29 de agosto de 2025\/Not\u00edcias O Programa de Aux\u00edlio \u00e0 Pesquisa da ABCP deriva de compromissos institucionais assumidos pela Associa\u00e7\u00e3o na defesa e promo\u00e7\u00e3o das&#8230; Leia mais Veja mais not\u00edcias<\/p>\n","protected":false},"author":2,"featured_media":0,"parent":0,"menu_order":0,"comment_status":"closed","ping_status":"closed","template":"elementor_canvas","meta":{"footnotes":""},"class_list":["post-13","page","type-page","status-publish","hentry"],"_links":{"self":[{"href":"https:\/\/cienciapolitica.org.br\/web\/wp-json\/wp\/v2\/pages\/13","targetHints":{"allow":["GET"]}}],"collection":[{"href":"https:\/\/cienciapolitica.org.br\/web\/wp-json\/wp\/v2\/pages"}],"about":[{"href":"https:\/\/cienciapolitica.org.br\/web\/wp-json\/wp\/v2\/types\/page"}],"author":[{"embeddable":true,"href":"https:\/\/cienciapolitica.org.br\/web\/wp-json\/wp\/v2\/users\/2"}],"replies":[{"embeddable":true,"href":"https:\/\/cienciapolitica.org.br\/web\/wp-json\/wp\/v2\/comments?post=13"}],"version-history":[{"count":42,"href":"https:\/\/cienciapolitica.org.br\/web\/wp-json\/wp\/v2\/pages\/13\/revisions"}],"predecessor-version":[{"id":3627,"href":"https:\/\/cienciapolitica.org.br\/web\/wp-json\/wp\/v2\/pages\/13\/revisions\/3627"}],"wp:attachment":[{"href":"https:\/\/cienciapolitica.org.br\/web\/wp-json\/wp\/v2\/media?parent=13"}],"curies":[{"name":"wp","href":"https:\/\/api.w.org\/{rel}","templated":true}]}}