{"id":2272,"date":"2023-12-07T04:55:17","date_gmt":"2023-12-07T04:55:17","guid":{"rendered":"https:\/\/tmp.cienciapolitica.org.br\/?page_id=2272"},"modified":"2023-12-07T04:55:17","modified_gmt":"2023-12-07T04:55:17","slug":"13o-encontro-da-abcp","status":"publish","type":"page","link":"https:\/\/cienciapolitica.org.br\/web\/eventos\/13o-encontro-da-abcp\/","title":{"rendered":"13\u00ba Encontro da ABCP"},"content":{"rendered":"\n<h1 class=\"wp-block-heading\">Comiss\u00e3o organizadora<\/h1>\n\n\n\n<ul class=\"wp-block-list\">\n<li><a href=\"https:\/\/cienciapolitica.org.br\/web\/index.php\/pt-br\/pessoa\/luciana-veiga\">Luciana Veiga<\/a>\n<ul class=\"wp-block-list\">\n<li><a href=\"https:\/\/cienciapolitica.org.br\/web\/index.php\/pt-br\/organizacao\/unirio-universidade-federal-estado-rio-janeiro\">UNIRIO &#8211; Universidade Federal do Estado do Rio de Janeiro<\/a><\/li>\n<\/ul>\n<\/li>\n\n\n\n<li><a href=\"https:\/\/cienciapolitica.org.br\/web\/index.php\/pt-br\/pessoa\/marjorie-correa-marona\">Marjorie Correa Marona<\/a>\n<ul class=\"wp-block-list\">\n<li><a href=\"https:\/\/cienciapolitica.org.br\/web\/index.php\/pt-br\/organizacao\/ufmg-universidade-federal-minas-gerais\">UFMG &#8211; Universidade Federal de Minas Gerais<\/a><\/li>\n<\/ul>\n<\/li>\n\n\n\n<li><a href=\"https:\/\/cienciapolitica.org.br\/web\/index.php\/pt-br\/pessoa\/bruno-bolognesi\">Bruno Bolognesi<\/a>\n<ul class=\"wp-block-list\">\n<li><a href=\"https:\/\/cienciapolitica.org.br\/web\/index.php\/pt-br\/organizacao\/ufpr-universidade-federal-parana\">UFPR &#8211; Universidade Federal do Paran\u00e1<\/a><\/li>\n<\/ul>\n<\/li>\n\n\n\n<li><a href=\"https:\/\/cienciapolitica.org.br\/web\/index.php\/pt-br\/pessoa\/carlo-patti\">Carlo Patti<\/a>\n<ul class=\"wp-block-list\">\n<li><a href=\"https:\/\/cienciapolitica.org.br\/web\/index.php\/pt-br\/organizacao\/ufg-universidade-federal-goias\">UFG &#8211; Universidade Federal de Goi\u00e1s<\/a><\/li>\n<\/ul>\n<\/li>\n\n\n\n<li><a href=\"https:\/\/cienciapolitica.org.br\/web\/index.php\/pt-br\/pessoa\/denise-paiva\">Denise Paiva<\/a>\n<ul class=\"wp-block-list\">\n<li><a href=\"https:\/\/cienciapolitica.org.br\/web\/index.php\/pt-br\/organizacao\/ufg-universidade-federal-goias\">UFG &#8211; Universidade Federal de Goi\u00e1s<\/a><\/li>\n<\/ul>\n<\/li>\n\n\n\n<li><a href=\"https:\/\/cienciapolitica.org.br\/web\/index.php\/pt-br\/pessoa\/robert-bonifacio\">Robert Bonif\u00e1cio<\/a>\n<ul class=\"wp-block-list\">\n<li><a href=\"https:\/\/cienciapolitica.org.br\/web\/index.php\/pt-br\/organizacao\/ufg-universidade-federal-goias\">UFG &#8211; Universidade Federal de Goi\u00e1s<\/a><\/li>\n<\/ul>\n<\/li>\n\n\n\n<li><a href=\"https:\/\/cienciapolitica.org.br\/web\/index.php\/pt-br\/pessoa\/anna-carolina-venturini\">Anna Carolina Venturini<\/a>\n<ul class=\"wp-block-list\">\n<li><a href=\"https:\/\/cienciapolitica.org.br\/web\/index.php\/pt-br\/organizacao\/cebrap-centro-brasileiro-analise-e-planejamento\">CEBRAP &#8211; Centro Brasileiro de An\u00e1lise e Planejamento<\/a><\/li>\n<\/ul>\n<\/li>\n<\/ul>\n\n\n\n<p><strong>Apresenta\u00e7\u00e3o<\/strong><\/p>\n\n\n\n<p>O 13\u00b0 Encontro da ABCP foi realizado de 19&nbsp;a 23&nbsp;de setembro de 2022, na Universidade Federal de Goi\u00e1s, no formato online.<\/p>\n\n\n\n<p>O tema deste encontro foi Elei\u00e7\u00f5es e Legitimidade democr\u00e1tica.<\/p>\n\n\n\n<h2 class=\"wp-block-heading\"><a href=\"https:\/\/www.abcp2022.eventos.dype.com.br\/\"><strong>CERTIFICADOS AQUI<\/strong><\/a><\/h2>\n\n\n\n<p><img fetchpriority=\"high\" decoding=\"async\" alt=\"13encontro_banner\" height=\"272\" src=\"https:\/\/cienciapolitica.org.br\/web\/sites\/default\/files\/imagens\/wysiwyg\/Banner_site_ABCP_0.png\" width=\"710\"><\/p>\n\n\n\n<p>Ilustra\u00e7\u00f5es por Joana Lav\u00f4r.<\/p>\n\n\n\n<div class=\"wp-block-group is-layout-constrained wp-block-group-is-layout-constrained\">\n<div class=\"wp-block-group is-layout-constrained wp-block-group-is-layout-constrained\">\n<div class=\"wp-block-media-text has-media-on-the-right is-stacked-on-mobile\"><div class=\"wp-block-media-text__content\">\n<p>Realiza\u00e7\u00e3o<\/p>\n<\/div><figure class=\"wp-block-media-text__media\"><img decoding=\"async\" width=\"1024\" height=\"487\" src=\"https:\/\/tmp.cienciapolitica.org.br\/wp-content\/uploads\/2023\/12\/boletim-abcp-outubro-2018-ilustracao-1420-1024x487.png\" alt=\"\" class=\"wp-image-2225 size-full\" srcset=\"https:\/\/cienciapolitica.org.br\/web\/wp-content\/uploads\/2023\/12\/boletim-abcp-outubro-2018-ilustracao-1420-1024x487.png 1024w, https:\/\/cienciapolitica.org.br\/web\/wp-content\/uploads\/2023\/12\/boletim-abcp-outubro-2018-ilustracao-1420-300x143.png 300w, https:\/\/cienciapolitica.org.br\/web\/wp-content\/uploads\/2023\/12\/boletim-abcp-outubro-2018-ilustracao-1420-768x365.png 768w, https:\/\/cienciapolitica.org.br\/web\/wp-content\/uploads\/2023\/12\/boletim-abcp-outubro-2018-ilustracao-1420.png 1366w\" sizes=\"(max-width: 1024px) 100vw, 1024px\" \/><\/figure><\/div>\n<\/div>\n\n\n\n<div class=\"wp-block-media-text has-media-on-the-right is-stacked-on-mobile\" style=\"grid-template-columns:auto 48%\"><div class=\"wp-block-media-text__content\">\n<p>Apoio Institucional<\/p>\n\n\n\n<figure class=\"wp-block-image size-full is-resized\"><img decoding=\"async\" src=\"https:\/\/tmp.cienciapolitica.org.br\/wp-content\/uploads\/2023\/12\/fundacao-konrad-adenauer-3444.jpg\" alt=\"\" class=\"wp-image-2277\" style=\"width:361px;height:auto\"\/><\/figure>\n<\/div><figure class=\"wp-block-media-text__media\"><img decoding=\"async\" src=\"https:\/\/tmp.cienciapolitica.org.br\/wp-content\/uploads\/2023\/12\/universidade-federal-goias-3393.png\" alt=\"\" class=\"wp-image-2273 size-full\"\/><\/figure><\/div>\n<\/div>\n\n\n\n<div class=\"wp-block-media-text has-media-on-the-right is-stacked-on-mobile\"><div class=\"wp-block-media-text__content\">\n<p>Patroc\u00ednio<\/p>\n\n\n\n<figure class=\"wp-block-image size-large\"><img decoding=\"async\" src=\"https:\/\/tmp.cienciapolitica.org.br\/wp-content\/uploads\/2023\/12\/image-1024x1024.png\" alt=\"\" class=\"wp-image-2276\"\/><\/figure>\n<\/div><figure class=\"wp-block-media-text__media\"><img decoding=\"async\" src=\"https:\/\/tmp.cienciapolitica.org.br\/wp-content\/uploads\/2023\/12\/quaest-consultoria-e-pesquisa-3503.png\" alt=\"\" class=\"wp-image-2275 size-full\"\/><\/figure><\/div>\n\n\n\n<h2 class=\"wp-block-heading\">Informa\u00e7\u00f5es do Evento<\/h2>\n\n\n\n<p>19\/09\/2022 a 23\/09\/2022<\/p>\n\n\n\n<p><a href=\"https:\/\/cienciapolitica.org.br\/web\/pt-br\/node\/5286\">Universidade Federal de Goi\u00e1s<\/a><\/p>\n\n\n\n<p>Av. Esperan\u00e7a, s\/n<br>Ch\u00e1caras de Recreio Samambaia<br>Goi\u00e2nia-GO<br>74690-900<br>BrasilWhatsapp(21) 9932-0487<\/p>\n\n\n\n<h2 class=\"wp-block-heading\" id=\"block-mainnavigation-9-menu\">Navega\u00e7\u00e3o<\/h2>\n\n\n\n<ul class=\"wp-block-list\">\n<li><a href=\"https:\/\/cienciapolitica.org.br\/web\/pt-br\/eventos\/13deg-encontro-abcp\/programacao\">Programa\u00e7\u00e3o<\/a><\/li>\n\n\n\n<li><a href=\"https:\/\/cienciapolitica.org.br\/web\/pt-br\/eventos\/13deg-encontro-abcp\/anais\">Anais<\/a><\/li>\n\n\n\n<li><a href=\"https:\/\/cienciapolitica.org.br\/web\/pt-br\/eventos\/13deg-encontro-abcp\/chamada-trabalhos-0\">Chamada de trabalhos<\/a><\/li>\n\n\n\n<li><a href=\"https:\/\/cienciapolitica.org.br\/web\/pt-br\/eventos\/13deg-encontro-abcp\/certificados\">Certificados<\/a><\/li>\n<\/ul>\n","protected":false},"excerpt":{"rendered":"<p>Comiss\u00e3o organizadora Apresenta\u00e7\u00e3o O 13\u00b0 Encontro da ABCP foi realizado de 19&nbsp;a 23&nbsp;de setembro de 2022, na Universidade Federal de Goi\u00e1s, no formato online. O tema deste encontro foi Elei\u00e7\u00f5es e Legitimidade democr\u00e1tica. CERTIFICADOS AQUI Ilustra\u00e7\u00f5es por Joana Lav\u00f4r. Realiza\u00e7\u00e3o Apoio Institucional Informa\u00e7\u00f5es do Evento 19\/09\/2022 a 23\/09\/2022 Universidade Federal de Goi\u00e1s Av. Esperan\u00e7a, s\/nCh\u00e1caras de Recreio SamambaiaGoi\u00e2nia-GO74690-900BrasilWhatsapp(21) 9932-0487 Navega\u00e7\u00e3o<\/p>\n","protected":false},"author":1,"featured_media":0,"parent":87,"menu_order":0,"comment_status":"closed","ping_status":"closed","template":"","meta":{"footnotes":""},"class_list":["post-2272","page","type-page","status-publish","hentry"],"_links":{"self":[{"href":"https:\/\/cienciapolitica.org.br\/web\/wp-json\/wp\/v2\/pages\/2272","targetHints":{"allow":["GET"]}}],"collection":[{"href":"https:\/\/cienciapolitica.org.br\/web\/wp-json\/wp\/v2\/pages"}],"about":[{"href":"https:\/\/cienciapolitica.org.br\/web\/wp-json\/wp\/v2\/types\/page"}],"author":[{"embeddable":true,"href":"https:\/\/cienciapolitica.org.br\/web\/wp-json\/wp\/v2\/users\/1"}],"replies":[{"embeddable":true,"href":"https:\/\/cienciapolitica.org.br\/web\/wp-json\/wp\/v2\/comments?post=2272"}],"version-history":[{"count":0,"href":"https:\/\/cienciapolitica.org.br\/web\/wp-json\/wp\/v2\/pages\/2272\/revisions"}],"up":[{"embeddable":true,"href":"https:\/\/cienciapolitica.org.br\/web\/wp-json\/wp\/v2\/pages\/87"}],"wp:attachment":[{"href":"https:\/\/cienciapolitica.org.br\/web\/wp-json\/wp\/v2\/media?parent=2272"}],"curies":[{"name":"wp","href":"https:\/\/api.w.org\/{rel}","templated":true}]}}