{"id":2312,"date":"2023-12-07T05:33:44","date_gmt":"2023-12-07T05:33:44","guid":{"rendered":"https:\/\/tmp.cienciapolitica.org.br\/?page_id=2312"},"modified":"2023-12-07T05:33:44","modified_gmt":"2023-12-07T05:33:44","slug":"11o-encontro-abcp","status":"publish","type":"page","link":"https:\/\/cienciapolitica.org.br\/web\/eventos\/11o-encontro-abcp\/","title":{"rendered":"11\u00ba Encontro ABCP"},"content":{"rendered":"\n<h3 class=\"wp-block-heading\">&nbsp;Comiss\u00e3o organizadora<\/h3>\n\n\n\n<ul class=\"wp-block-list\">\n<li><a href=\"https:\/\/cienciapolitica.org.br\/web\/pt-br\/pessoa\/renato-perissinotto\">Renato Perissinotto<\/a>\n<ul class=\"wp-block-list\">\n<li><a href=\"https:\/\/cienciapolitica.org.br\/web\/pt-br\/organizacao\/ufpr-universidade-federal-parana\">UFPR &#8211; Universidade Federal do Paran\u00e1<\/a><\/li>\n<\/ul>\n<\/li>\n\n\n\n<li><a href=\"https:\/\/cienciapolitica.org.br\/web\/pt-br\/pessoa\/cristina-buarque-hollanda\">Cristina Buarque de Hollanda<\/a>\n<ul class=\"wp-block-list\">\n<li><a href=\"https:\/\/cienciapolitica.org.br\/web\/pt-br\/organizacao\/iesp-uerj-instituto-estudos-sociais-e-politicos\">IESP-UERJ &#8211; Instituto de Estudos Sociais e Pol\u00edticos<\/a><\/li>\n<\/ul>\n<\/li>\n\n\n\n<li><a href=\"https:\/\/cienciapolitica.org.br\/web\/pt-br\/pessoa\/bruno-bolognesi\">Bruno Bolognesi<\/a>\n<ul class=\"wp-block-list\">\n<li><a href=\"https:\/\/cienciapolitica.org.br\/web\/pt-br\/organizacao\/ufpr-universidade-federal-parana\">UFPR &#8211; Universidade Federal do Paran\u00e1<\/a><\/li>\n<\/ul>\n<\/li>\n\n\n\n<li><a href=\"https:\/\/cienciapolitica.org.br\/web\/pt-br\/pessoa\/flavia-roberta-babireski\">Fl\u00e1via Roberta Babireski<\/a><\/li>\n\n\n\n<li><a href=\"https:\/\/cienciapolitica.org.br\/web\/pt-br\/pessoa\/sandra-avi-dos-santos\">Sandra Avi dos Santos<\/a>\n<ul class=\"wp-block-list\">\n<li><a href=\"https:\/\/cienciapolitica.org.br\/web\/pt-br\/organizacao\/ufpr-universidade-federal-parana\">UFPR &#8211; Universidade Federal do Paran\u00e1<\/a><\/li>\n<\/ul>\n<\/li>\n<\/ul>\n\n\n\n<p>Apresenta\u00e7\u00e3o<\/p>\n\n\n\n<p>No momento em que a Constitui\u00e7\u00e3o de 1988 celebra trinta anos de exist\u00eancia, os caminhos da pol\u00edtica brasileira convidam \u00e0 reflex\u00e3o sobre a qualidade de nossa democracia. Em junho de 2013, a explos\u00e3o de protestos no pa\u00eds exibiu inesperado ceticismo popular em rela\u00e7\u00e3o \u00e0s elei\u00e7\u00f5es, aos partidos e ao voto. Desde ent\u00e3o, com mudan\u00e7as pol\u00edticas ocorrendo num ritmo cada vez mais acelerado, o debate sobre os limites do nosso sistema pol\u00edtico ultrapassou os muros do Congresso Nacional e da Academia, chegando \u00e0 imprensa e ao grande p\u00fablico. Ao impeachment da presidente Dilma Rousseff somaram-se outros tantos eventos cr\u00edticos que desafiam a estabilidade de nossas leis e institui\u00e7\u00f5es, elevando a imprevisibilidade quanto aos rumos da pol\u00edtica nacional.<\/p>\n\n\n\n<p>Por\u00e9m, a crise brasileira parece ser algo mais do que apenas a manifesta\u00e7\u00e3o de nossas idiossincrasias nacionais, exibindo, talvez com maior dramaticidade, os dilemas das democracias em todo mundo, notadamente as dif\u00edceis rela\u00e7\u00f5es entre os poderes pol\u00edtico e econ\u00f4mico e a ascens\u00e3o de uma onda pol\u00edtica conservadora. Esta \u00faltima manifesta-se, sobretudo, frente \u00e0 maior crise de refugiados da hist\u00f3ria recente, gerando na Europa o renascimento de um sentimento xen\u00f3fobo que se expressa em epis\u00f3dios de viol\u00eancia aberta contra imigrantes, no fechamento de fronteiras, na constru\u00e7\u00e3o de muros e na decis\u00e3o, surpreendente para muitos, de sa\u00edda do Reino Unido da Uni\u00e3o Europeia. Nos Estados Unidos, a elei\u00e7\u00e3o de Donald Trump, por sua vez, d\u00e1 vaz\u00e3o a uma ret\u00f3rica de intransig\u00eancia.<\/p>\n\n\n\n<p>N\u00f3s, cientistas pol\u00edticos, precisamos nos perguntar em que medida esses processos s\u00e3o, de fato, a express\u00e3o de uma propens\u00e3o conservadora que traz consigo a defesa de uma nova ordem autorit\u00e1ria; se se trata antes de um descontentamento passageiro com as formas t\u00edpicas da democracia representativa e, se for este o caso, se tal descontentamento traz consigo apenas indiferen\u00e7a frente aos destinos dessa forma ou, ao contr\u00e1rio, algum tipo de projeto democr\u00e1tico alternativo. Frente a esse cen\u00e1rio, acreditamos que nos cabe aproximar a pesquisa acad\u00eamica do cotidiano social da controv\u00e9rsia pol\u00edtica; qualificar e nuan\u00e7ar os termos do debate p\u00fablico.<\/p>\n\n\n\n<p>A ABCP espera que essa extensa agenda, pass\u00edvel de diversos \u00e2ngulos de abordagem e reflex\u00e3o, permita a seus associados dialogar de forma prof\u00edcua e produtiva durante seu XI Encontro, tanto nos j\u00e1 tradicionais espa\u00e7os reservados \u00e0s \u00c1reas Tem\u00e1ticas, Confer\u00eancias e Sess\u00f5es Especiais, quanto na nova arena dos F\u00f3runs Regionais. Estes \u00faltimos s\u00e3o a express\u00e3o do esfor\u00e7o de capilariza\u00e7\u00e3o da ABCP a fim de dar voz a debates realizados localmente nas Diretorias Regionais rec\u00e9m-eleitas.<\/p>\n\n\n\n<div class=\"wp-block-media-text has-media-on-the-right is-stacked-on-mobile is-vertically-aligned-center\" style=\"grid-template-columns:auto 61%\"><div class=\"wp-block-media-text__content\">\n<p>Realiza\u00e7\u00e3o<\/p>\n<\/div><figure class=\"wp-block-media-text__media\"><img decoding=\"async\" src=\"https:\/\/tmp.cienciapolitica.org.br\/wp-content\/uploads\/2023\/12\/RELACA1-1024x487.png\" alt=\"\" class=\"wp-image-2310 size-full\"\/><\/figure><\/div>\n\n\n\n<div class=\"wp-block-media-text has-media-on-the-right is-stacked-on-mobile\" style=\"grid-template-columns:auto 43%\"><div class=\"wp-block-media-text__content\">\n<p>Patroc\u00ednio<\/p>\n<\/div><figure class=\"wp-block-media-text__media\"><img decoding=\"async\" src=\"https:\/\/tmp.cienciapolitica.org.br\/wp-content\/uploads\/2023\/12\/image-1024x1024.png\" alt=\"\" class=\"wp-image-2276 size-full\"\/><\/figure><\/div>\n\n\n\n<p class=\"has-text-align-left\">Apoio Institucional<\/p>\n\n\n\n<div class=\"wp-block-group is-layout-constrained wp-block-group-is-layout-constrained\">\n<div class=\"wp-block-columns is-layout-flex wp-container-core-columns-is-layout-28f84493 wp-block-columns-is-layout-flex\">\n<div class=\"wp-block-column is-layout-flow wp-block-column-is-layout-flow\" style=\"flex-basis:50%\">\n<div class=\"wp-block-group is-vertical is-layout-flex wp-container-core-group-is-layout-fe9cc265 wp-block-group-is-layout-flex\">\n<figure class=\"wp-block-image aligncenter size-large\"><img decoding=\"async\" src=\"https:\/\/tmp.cienciapolitica.org.br\/wp-content\/uploads\/2023\/12\/capes-1-1.png\" alt=\"\" class=\"wp-image-2375\"\/><\/figure>\n\n\n\n<figure class=\"wp-block-image aligncenter size-large\"><img decoding=\"async\" src=\"https:\/\/tmp.cienciapolitica.org.br\/wp-content\/uploads\/2023\/12\/CNPQ-C1.png\" alt=\"\" class=\"wp-image-2376\"\/><\/figure>\n\n\n\n<figure class=\"wp-block-image aligncenter size-large\"><img decoding=\"async\" src=\"https:\/\/tmp.cienciapolitica.org.br\/wp-content\/uploads\/2023\/12\/centro-universitario-internacional-uninter-1358.png\" alt=\"\" class=\"wp-image-2377\"\/><\/figure>\n\n\n\n<figure class=\"wp-block-image aligncenter size-large\"><img decoding=\"async\" src=\"https:\/\/tmp.cienciapolitica.org.br\/wp-content\/uploads\/2023\/12\/ufpr-universidade-federal-parana-1357-1.jpg\" alt=\"\" class=\"wp-image-2378\"\/><\/figure>\n\n\n\n<figure class=\"wp-block-image aligncenter size-large\"><img decoding=\"async\" src=\"https:\/\/tmp.cienciapolitica.org.br\/wp-content\/uploads\/2023\/12\/image-5.png\" alt=\"\" class=\"wp-image-2374\"\/><\/figure>\n\n\n\n<figure class=\"wp-block-image aligncenter size-large\"><img decoding=\"async\" src=\"https:\/\/tmp.cienciapolitica.org.br\/wp-content\/uploads\/2023\/12\/fundacao-araucaria-1360.png\" alt=\"\" class=\"wp-image-2379\"\/><\/figure>\n\n\n\n<figure class=\"wp-block-image aligncenter size-large\"><img decoding=\"async\" src=\"https:\/\/tmp.cienciapolitica.org.br\/wp-content\/uploads\/2023\/12\/image-4.png\" alt=\"\" class=\"wp-image-2373\"\/><\/figure>\n\n\n\n<figure class=\"wp-block-image aligncenter size-large\"><img decoding=\"async\" src=\"https:\/\/tmp.cienciapolitica.org.br\/wp-content\/uploads\/2023\/12\/image-3.png\" alt=\"\" class=\"wp-image-2372\"\/><\/figure>\n\n\n\n<figure class=\"wp-block-image aligncenter size-large\"><img decoding=\"async\" src=\"https:\/\/tmp.cienciapolitica.org.br\/wp-content\/uploads\/2023\/12\/image-2.png\" alt=\"\" class=\"wp-image-2357\"\/><\/figure>\n\n\n\n<figure class=\"wp-block-image aligncenter size-large\"><img decoding=\"async\" src=\"https:\/\/tmp.cienciapolitica.org.br\/wp-content\/uploads\/2023\/12\/image-1.png\" alt=\"\" class=\"wp-image-2353\"\/><\/figure>\n<\/div>\n<\/div>\n<\/div>\n<\/div>\n\n\n\n<h2 class=\"wp-block-heading\">Informa\u00e7\u00f5es<\/h2>\n\n\n\n<p>31\/07\/2018 a 03\/08\/2018<\/p>\n\n\n\n<p><a href=\"https:\/\/cienciapolitica.org.br\/web\/index.php\/pt-br\/node\/2923\">Universidade Federal do Paran\u00e1<\/a><\/p>\n\n\n\n<p>Rua XV de Novembro, 1299 &#8211; Campus Reitoria<br>Centro<br>Curitiba-PR<br>80060-000<br>Brasil<\/p>\n\n\n\n<h2 class=\"wp-block-heading\" id=\"block-mainnavigation-7-menu\">Veja tamb\u00e9m<\/h2>\n\n\n\n<ul class=\"wp-block-list\">\n<li><a href=\"https:\/\/tmp2.cienciapolitica.org.br\/web\/eventos\/11o-encontro-abcp\/programacao\">Programa\u00e7\u00e3o<\/a><\/li>\n\n\n\n<li><a href=\"https:\/\/cienciapolitica.org.br\/web\/index.php\/pt-br\/anais\">Anais<\/a><\/li>\n<\/ul>\n","protected":false},"excerpt":{"rendered":"<p>&nbsp;Comiss\u00e3o organizadora Apresenta\u00e7\u00e3o No momento em que a Constitui\u00e7\u00e3o de 1988 celebra trinta anos de exist\u00eancia, os caminhos da pol\u00edtica brasileira convidam \u00e0 reflex\u00e3o sobre a qualidade de nossa democracia. Em junho de 2013, a explos\u00e3o de protestos no pa\u00eds exibiu inesperado ceticismo popular em rela\u00e7\u00e3o \u00e0s elei\u00e7\u00f5es, aos partidos e ao voto. Desde ent\u00e3o, com mudan\u00e7as pol\u00edticas ocorrendo num ritmo cada vez mais acelerado, o debate sobre os limites do nosso sistema pol\u00edtico ultrapassou os muros do Congresso Nacional e da Academia, chegando \u00e0 imprensa e ao grande p\u00fablico. Ao impeachment da presidente Dilma Rousseff somaram-se outros tantos eventos cr\u00edticos que desafiam a estabilidade de nossas leis e institui\u00e7\u00f5es, elevando a imprevisibilidade quanto aos rumos da pol\u00edtica nacional. Por\u00e9m, a crise brasileira parece ser algo mais do que apenas a manifesta\u00e7\u00e3o de nossas idiossincrasias nacionais, exibindo, talvez com maior dramaticidade, os dilemas das democracias em todo mundo, notadamente as dif\u00edceis rela\u00e7\u00f5es entre os poderes pol\u00edtico e econ\u00f4mico e a ascens\u00e3o de uma onda pol\u00edtica conservadora. Esta \u00faltima manifesta-se, sobretudo, frente \u00e0 maior crise de refugiados da hist\u00f3ria recente, gerando na Europa o renascimento de um sentimento xen\u00f3fobo que se expressa em epis\u00f3dios de viol\u00eancia aberta contra imigrantes, no fechamento de fronteiras, na constru\u00e7\u00e3o de muros e na decis\u00e3o, surpreendente para muitos, de sa\u00edda do Reino Unido da Uni\u00e3o Europeia. Nos Estados Unidos, a elei\u00e7\u00e3o de Donald Trump, por sua vez, d\u00e1 vaz\u00e3o a uma ret\u00f3rica de intransig\u00eancia. N\u00f3s, cientistas pol\u00edticos, precisamos nos perguntar em que medida esses processos s\u00e3o, de fato, a express\u00e3o de uma propens\u00e3o conservadora que traz consigo a defesa de uma nova ordem autorit\u00e1ria; se se trata antes de um descontentamento passageiro com as formas t\u00edpicas da democracia representativa e, se for este o caso, se tal descontentamento traz consigo apenas indiferen\u00e7a frente aos destinos dessa forma ou, ao contr\u00e1rio, algum tipo de projeto democr\u00e1tico alternativo. Frente a esse cen\u00e1rio, acreditamos que nos cabe aproximar a pesquisa acad\u00eamica do cotidiano social da controv\u00e9rsia pol\u00edtica; qualificar e nuan\u00e7ar os termos do debate p\u00fablico. A ABCP espera que essa extensa agenda, pass\u00edvel de diversos \u00e2ngulos de abordagem e reflex\u00e3o, permita a seus associados dialogar de forma prof\u00edcua e produtiva durante seu XI Encontro, tanto nos j\u00e1 tradicionais espa\u00e7os reservados \u00e0s \u00c1reas Tem\u00e1ticas, Confer\u00eancias e Sess\u00f5es Especiais, quanto na nova arena dos F\u00f3runs Regionais. Estes \u00faltimos s\u00e3o a express\u00e3o do esfor\u00e7o de capilariza\u00e7\u00e3o da ABCP a fim de dar voz a debates realizados localmente nas Diretorias Regionais rec\u00e9m-eleitas. Realiza\u00e7\u00e3o Patroc\u00ednio Apoio Institucional Informa\u00e7\u00f5es 31\/07\/2018 a 03\/08\/2018 Universidade Federal do Paran\u00e1 Rua XV de Novembro, 1299 &#8211; Campus ReitoriaCentroCuritiba-PR80060-000Brasil Veja tamb\u00e9m<\/p>\n","protected":false},"author":1,"featured_media":0,"parent":87,"menu_order":0,"comment_status":"closed","ping_status":"closed","template":"","meta":{"footnotes":""},"class_list":["post-2312","page","type-page","status-publish","hentry"],"_links":{"self":[{"href":"https:\/\/cienciapolitica.org.br\/web\/wp-json\/wp\/v2\/pages\/2312","targetHints":{"allow":["GET"]}}],"collection":[{"href":"https:\/\/cienciapolitica.org.br\/web\/wp-json\/wp\/v2\/pages"}],"about":[{"href":"https:\/\/cienciapolitica.org.br\/web\/wp-json\/wp\/v2\/types\/page"}],"author":[{"embeddable":true,"href":"https:\/\/cienciapolitica.org.br\/web\/wp-json\/wp\/v2\/users\/1"}],"replies":[{"embeddable":true,"href":"https:\/\/cienciapolitica.org.br\/web\/wp-json\/wp\/v2\/comments?post=2312"}],"version-history":[{"count":0,"href":"https:\/\/cienciapolitica.org.br\/web\/wp-json\/wp\/v2\/pages\/2312\/revisions"}],"up":[{"embeddable":true,"href":"https:\/\/cienciapolitica.org.br\/web\/wp-json\/wp\/v2\/pages\/87"}],"wp:attachment":[{"href":"https:\/\/cienciapolitica.org.br\/web\/wp-json\/wp\/v2\/media?parent=2312"}],"curies":[{"name":"wp","href":"https:\/\/api.w.org\/{rel}","templated":true}]}}