{"id":2693,"date":"2024-03-08T14:07:35","date_gmt":"2024-03-08T14:07:35","guid":{"rendered":"https:\/\/cienciapolitica.org.br\/web\/?page_id=2693"},"modified":"2025-09-29T18:29:38","modified_gmt":"2025-09-29T18:29:38","slug":"regionais-da-abcp","status":"publish","type":"page","link":"https:\/\/cienciapolitica.org.br\/web\/institucional\/regionais-da-abcp\/","title":{"rendered":"Regionais da ABCP"},"content":{"rendered":"\n<hr class=\"wp-block-separator has-alpha-channel-opacity\"\/>\n\n\n\n<p style=\"font-size:26px\"><strong>Mandato 2023-25<\/strong><\/p>\n\n\n\n<p style=\"font-size:26px\"><strong>Regional Centro-Oeste <\/strong><\/p>\n\n\n\n<figure class=\"wp-block-table is-style-stripes has-medium-font-size\"><table class=\"has-black-color has-white-background-color has-text-color has-background has-link-color\"><tbody><tr><td><strong>Diretora<\/strong><\/td><td>Raimundo Nonato Cunha de Fran\u00e7a<\/td><td>UNEMAT<\/td><\/tr><tr><td><strong>Vice-Diretor<\/strong><\/td><td>Cleyton Feitosa Pereira<\/td><td>SEMEC<\/td><\/tr><tr><td><strong>Secret\u00e1rio Executivo<\/strong><\/td><td>Daniel Est\u00eav\u00e3o Ramos de Miranda&nbsp;<\/td><td>UFMS<\/td><\/tr><\/tbody><\/table><\/figure>\n\n\n\n<p class=\"has-medium-font-size\">Suplentes<\/p>\n\n\n\n<figure class=\"wp-block-table is-style-stripes has-medium-font-size\"><table class=\"has-black-color has-text-color has-link-color\"><tbody><tr><td><strong>Suplente Diretora<\/strong><\/td><td>Cristiane Brum Bernardes<\/td><td>C\u00e2mara dos Deputados<\/td><\/tr><tr><td><strong>Suplente Secret\u00e1ria Executiva<\/strong><\/td><td>Mariana Prandini Fraga Assis<\/td><td>UFG<\/td><\/tr><\/tbody><\/table><\/figure>\n\n\n\n<p><\/p>\n\n\n\n<p style=\"font-size:26px\"><strong>Regional Nordeste<\/strong><\/p>\n\n\n\n<figure class=\"wp-block-table is-style-stripes has-medium-font-size\"><table class=\"has-black-color has-text-color has-link-color\"><tbody><tr><td><strong>Diretora<\/strong><\/td><td>Simone Piletti Viscarra<\/td><td>UNIVASF<\/td><\/tr><tr><td><strong>Vice-Diretora<\/strong><\/td><td>Joyce Miranda Le\u00e3o Martins<\/td><td>UFAL<\/td><\/tr><tr><td><strong>Secret\u00e1rio Executivo<\/strong><\/td><td>Cl\u00e1udio Andr\u00e9 de Souza<\/td><td>UNILAB<\/td><\/tr><\/tbody><\/table><\/figure>\n\n\n\n<p class=\"has-medium-font-size\">Suplentes<\/p>\n\n\n\n<figure class=\"wp-block-table is-style-stripes has-medium-font-size\"><table class=\"has-black-color has-text-color has-link-color\"><tbody><tr><td><strong>Suplente Diretor<\/strong><\/td><td>Cloves Luiz Pereira Oliveira<\/td><td>UFBA<\/td><\/tr><tr><td><strong>Suplente Vice-Diretora<\/strong><\/td><td>Monalisa Lima Torres<\/td><td>UECE<\/td><\/tr><tr><td><strong>Suplente Secret\u00e1rio Executivo<\/strong><\/td><td>Vitor Eduardo de Veras Sandes Freitas<\/td><td>UFPI<\/td><\/tr><\/tbody><\/table><\/figure>\n\n\n\n<p><\/p>\n\n\n\n<p style=\"font-size:22px\"><strong>Regional Norte<\/strong><\/p>\n\n\n\n<figure class=\"wp-block-table is-style-stripes has-medium-font-size\"><table class=\"has-black-color has-text-color has-link-color\"><tbody><tr><td><strong>Diretora<\/strong><\/td><td>Eug\u00eania Rosa Cabral<\/td><td>UFPA<\/td><\/tr><tr><td><strong>Vice-Diretor<\/strong><\/td><td>Jo\u00e3o Paulo Saraiva Le\u00e3o Viana<\/td><td>UNIR<\/td><\/tr><tr><td><strong>Secret\u00e1ria Executiva<\/strong><\/td><td>Sabrina Miranda Areco<\/td><td>UEMA<\/td><\/tr><\/tbody><\/table><\/figure>\n\n\n\n<p class=\"has-medium-font-size\">Suplentes<\/p>\n\n\n\n<figure class=\"wp-block-table is-style-stripes has-medium-font-size\"><table class=\"has-black-color has-text-color has-link-color\"><tbody><tr><td><strong>Suplente Diretor<\/strong><\/td><td>Rodolfo Silva Marques<\/td><td>UFAM<\/td><\/tr><tr><td><strong>Suplente Vice-Diretora<\/strong><\/td><td>Aline Ramos Barbosa<\/td><td>IFRO<\/td><\/tr><tr><td><strong>Suplente Secret\u00e1ria Executiva<\/strong><\/td><td><\/td><td><\/td><\/tr><\/tbody><\/table><\/figure>\n\n\n\n<p><\/p>\n\n\n\n<p style=\"font-size:26px\"><strong>Regional Sudeste<\/strong><\/p>\n\n\n\n<figure class=\"wp-block-table is-style-stripes has-medium-font-size\"><table class=\"has-black-color has-text-color has-link-color\"><tbody><tr><td><strong>Diretora<\/strong><\/td><td>Maria Teresa Miceli Kerbauy<\/td><td>UFSCar<\/td><\/tr><tr><td><strong>Vice-Diretora<\/strong><\/td><td>Euzeneia Carlos<\/td><td>UFES<\/td><\/tr><tr><td><strong>Secret\u00e1rio Executivo<\/strong><\/td><td>Paulo Henrique Paschoeto Cassimiro<\/td><td>UERJ<\/td><\/tr><\/tbody><\/table><\/figure>\n\n\n\n<p class=\"has-medium-font-size\">Suplentes<\/p>\n\n\n\n<figure class=\"wp-block-table is-style-stripes has-medium-font-size\"><table class=\"has-black-color has-text-color has-link-color\"><tbody><tr><td><strong>Suplente Diretor<\/strong><\/td><td>Eduardo Moreira da Silva<\/td><td>UFMG<\/td><\/tr><tr><td><strong>Suplente Vice-Diretor<\/strong><\/td><td>Leonardo Barros Soares<\/td><td>UFV<\/td><\/tr><tr><td><strong>Suplente Secret\u00e1ria Executiva<\/strong><\/td><td>K\u00e1tia Alves Fukushima<\/td><td>UFRJ<\/td><\/tr><\/tbody><\/table><\/figure>\n\n\n\n<p><\/p>\n\n\n\n<p style=\"font-size:26px\"><strong>Regional Sul<\/strong><\/p>\n\n\n\n<figure class=\"wp-block-table is-style-stripes has-medium-font-size\"><table class=\"has-black-color has-text-color has-link-color\"><tbody><tr><td><strong>Diretora<\/strong><\/td><td>Ligia Mori Madeira<\/td><td>UFRGS<\/td><\/tr><tr><td><strong>Vice-Diretor<\/strong><\/td><td>Rodrigo Rossi Horochovski<\/td><td>UFPR<\/td><\/tr><tr><td><strong>Secret\u00e1rio Executivo<\/strong><\/td><td>Sergio Simoni J\u00fanior<\/td><td>UFRGS<\/td><\/tr><\/tbody><\/table><\/figure>\n\n\n\n<p class=\"has-medium-font-size\">Suplentes<\/p>\n\n\n\n<figure class=\"wp-block-table is-style-stripes has-medium-font-size\"><table class=\"has-black-color has-text-color has-link-color\"><tbody><tr><td><strong>Suplente Diretora<\/strong><\/td><td>Cintia Pinheiro Ribeiro de Souza<\/td><td>UFSC<\/td><\/tr><tr><td><strong>Suplente Vice-Diretor<\/strong><\/td><td>Ivan Jairo Junckes<\/td><td>UFPR<\/td><\/tr><tr><td><strong>Suplente Secret\u00e1ria Executiva<\/strong><\/td><td>Camila Feix Vidal<\/td><td>UFSC<\/td><\/tr><\/tbody><\/table><\/figure>\n\n\n\n<p><\/p>\n\n\n\n<hr class=\"wp-block-separator has-alpha-channel-opacity\"\/>\n\n\n\n<p class=\"has-medium-font-size\"><strong>Mandato 2021-23<\/strong><\/p>\n\n\n\n<p class=\"has-medium-font-size\"><strong>Regional Centro-Norte <\/strong><\/p>\n\n\n\n<figure class=\"wp-block-table is-style-stripes has-medium-font-size\"><table class=\"has-black-color has-white-background-color has-text-color has-background has-link-color\"><tbody><tr><td>Diretora<\/td><td>Lais Forti Thomaz<\/td><td>UFG<\/td><\/tr><tr><td>Vice-diretor<\/td><td>Jean Guilherme Guimar\u00e3es Bittencourt<\/td><td>IFPA<\/td><\/tr><tr><td>Secret\u00e1rio Executivo<\/td><td>Matheus de Carvalho Hernandez<\/td><td>UFGD<\/td><\/tr><tr><td>Secret\u00e1ria Executiva<\/td><td>Ana Karine Pereira &#8211; renuncia em 25\/04\/2022<\/td><td>UnB<\/td><\/tr><\/tbody><\/table><\/figure>\n\n\n\n<p class=\"has-medium-font-size\"><strong>Regional Nordeste<\/strong><\/p>\n\n\n\n<figure class=\"wp-block-table is-style-stripes has-medium-font-size\"><table class=\"has-black-color has-white-background-color has-text-color has-background has-link-color\"><tbody><tr><td>Diretora<\/td><td>Luciana da Concei\u00e7\u00e3o Farias Santana &#8211; vac\u00e2ncia Dir. Nacional 2022<\/td><td>UFAL<\/td><\/tr><tr><td>Vice-diretor<\/td><td>Marcelo Burgos Pimentel dos Santos<\/td><td>UFPB<\/td><\/tr><tr><td>Secret\u00e1ria Executiva <\/td><td>Simone Piletti Viscarra<\/td><td>UNIVASF<\/td><\/tr><\/tbody><\/table><\/figure>\n\n\n\n<p class=\"has-medium-font-size\"><strong>Regional Sudeste<\/strong><\/p>\n\n\n\n<figure class=\"wp-block-table is-style-stripes has-medium-font-size\"><table class=\"has-black-color has-white-background-color has-text-color has-background has-link-color\"><tbody><tr><td>Diretor<\/td><td>Jorge Gomes de Souza Chaloub<\/td><td>UFRJ<\/td><\/tr><tr><td>Vice-diretor<\/td><td>Cristiano dos Santos Rodrigues<\/td><td>UFMG<\/td><\/tr><tr><td>Secret\u00e1ria Executiva<\/td><td>Gleidy Lucy Oliveira da Silva<\/td><td>UFSCar<\/td><\/tr><\/tbody><\/table><\/figure>\n\n\n\n<p class=\"has-medium-font-size\"><strong>Regional Sul<\/strong><\/p>\n\n\n\n<figure class=\"wp-block-table is-style-stripes has-medium-font-size\"><table class=\"has-black-color has-white-background-color has-text-color has-background has-link-color\"><tbody><tr><td>Diretor<\/td><td>Luciano da Ros<\/td><td>UFSC<\/td><\/tr><tr><td>Vice-diretor<\/td><td>Ednaldo Aparecido Ribeiro &#8211; vac\u00e2ncia Dir Nacional 2022<\/td><td>UFPR<\/td><\/tr><tr><td>Secret\u00e1ria Executiva<\/td><td>Bianca de Freitas Linhares &#8211; vac\u00e2ncia Dir. Nacional 2022<\/td><td>UFPEL<\/td><\/tr><\/tbody><\/table><\/figure>\n","protected":false},"excerpt":{"rendered":"<p>Mandato 2023-25 Regional Centro-Oeste Diretora Raimundo Nonato Cunha de Fran\u00e7a UNEMAT Vice-Diretor Cleyton Feitosa Pereira SEMEC Secret\u00e1rio Executivo Daniel Est\u00eav\u00e3o Ramos de Miranda&nbsp; UFMS Suplentes Suplente Diretora Cristiane Brum Bernardes C\u00e2mara dos Deputados Suplente Secret\u00e1ria Executiva Mariana Prandini Fraga Assis UFG Regional Nordeste Diretora Simone Piletti Viscarra UNIVASF Vice-Diretora Joyce Miranda Le\u00e3o Martins UFAL Secret\u00e1rio Executivo Cl\u00e1udio Andr\u00e9 de Souza UNILAB Suplentes Suplente Diretor Cloves Luiz Pereira Oliveira UFBA Suplente Vice-Diretora Monalisa Lima Torres UECE Suplente Secret\u00e1rio Executivo Vitor Eduardo de Veras Sandes Freitas UFPI Regional Norte Diretora Eug\u00eania Rosa Cabral UFPA Vice-Diretor Jo\u00e3o Paulo Saraiva Le\u00e3o Viana UNIR Secret\u00e1ria Executiva Sabrina Miranda Areco UEMA Suplentes Suplente Diretor Rodolfo Silva Marques UFAM Suplente Vice-Diretora Aline Ramos Barbosa IFRO Suplente Secret\u00e1ria Executiva Regional Sudeste Diretora Maria Teresa Miceli Kerbauy UFSCar Vice-Diretora Euzeneia Carlos UFES Secret\u00e1rio Executivo Paulo Henrique Paschoeto Cassimiro UERJ Suplentes Suplente Diretor Eduardo Moreira da Silva UFMG Suplente Vice-Diretor Leonardo Barros Soares UFV Suplente Secret\u00e1ria Executiva K\u00e1tia Alves Fukushima UFRJ Regional Sul Diretora Ligia Mori Madeira UFRGS Vice-Diretor Rodrigo Rossi Horochovski UFPR Secret\u00e1rio Executivo Sergio Simoni J\u00fanior UFRGS Suplentes Suplente Diretora Cintia Pinheiro Ribeiro de Souza UFSC Suplente Vice-Diretor Ivan Jairo Junckes UFPR Suplente Secret\u00e1ria Executiva Camila Feix Vidal UFSC Mandato 2021-23 Regional Centro-Norte Diretora Lais Forti Thomaz UFG Vice-diretor Jean Guilherme Guimar\u00e3es Bittencourt IFPA Secret\u00e1rio Executivo Matheus de Carvalho Hernandez UFGD Secret\u00e1ria Executiva Ana Karine Pereira &#8211; renuncia em 25\/04\/2022 UnB Regional Nordeste Diretora Luciana da Concei\u00e7\u00e3o Farias Santana &#8211; vac\u00e2ncia Dir. Nacional 2022 UFAL Vice-diretor Marcelo Burgos Pimentel dos Santos UFPB Secret\u00e1ria Executiva Simone Piletti Viscarra UNIVASF Regional Sudeste Diretor Jorge Gomes de Souza Chaloub UFRJ Vice-diretor Cristiano dos Santos Rodrigues UFMG Secret\u00e1ria Executiva Gleidy Lucy Oliveira da Silva UFSCar Regional Sul Diretor Luciano da Ros UFSC Vice-diretor Ednaldo Aparecido Ribeiro &#8211; vac\u00e2ncia Dir Nacional 2022 UFPR Secret\u00e1ria Executiva Bianca de Freitas Linhares &#8211; vac\u00e2ncia Dir. Nacional 2022 UFPEL<\/p>\n","protected":false},"author":1,"featured_media":0,"parent":70,"menu_order":4,"comment_status":"closed","ping_status":"closed","template":"","meta":{"footnotes":""},"class_list":["post-2693","page","type-page","status-publish","hentry"],"_links":{"self":[{"href":"https:\/\/cienciapolitica.org.br\/web\/wp-json\/wp\/v2\/pages\/2693","targetHints":{"allow":["GET"]}}],"collection":[{"href":"https:\/\/cienciapolitica.org.br\/web\/wp-json\/wp\/v2\/pages"}],"about":[{"href":"https:\/\/cienciapolitica.org.br\/web\/wp-json\/wp\/v2\/types\/page"}],"author":[{"embeddable":true,"href":"https:\/\/cienciapolitica.org.br\/web\/wp-json\/wp\/v2\/users\/1"}],"replies":[{"embeddable":true,"href":"https:\/\/cienciapolitica.org.br\/web\/wp-json\/wp\/v2\/comments?post=2693"}],"version-history":[{"count":15,"href":"https:\/\/cienciapolitica.org.br\/web\/wp-json\/wp\/v2\/pages\/2693\/revisions"}],"predecessor-version":[{"id":3568,"href":"https:\/\/cienciapolitica.org.br\/web\/wp-json\/wp\/v2\/pages\/2693\/revisions\/3568"}],"up":[{"embeddable":true,"href":"https:\/\/cienciapolitica.org.br\/web\/wp-json\/wp\/v2\/pages\/70"}],"wp:attachment":[{"href":"https:\/\/cienciapolitica.org.br\/web\/wp-json\/wp\/v2\/media?parent=2693"}],"curies":[{"name":"wp","href":"https:\/\/api.w.org\/{rel}","templated":true}]}}