{"id":3137,"date":"2024-08-26T19:19:14","date_gmt":"2024-08-26T19:19:14","guid":{"rendered":"https:\/\/cienciapolitica.org.br\/web\/?page_id=3137"},"modified":"2025-02-19T16:01:59","modified_gmt":"2025-02-19T16:01:59","slug":"parcerias-internacionais","status":"publish","type":"page","link":"https:\/\/cienciapolitica.org.br\/web\/parcerias-internacionais\/","title":{"rendered":"Parcerias Internacionais"},"content":{"rendered":"<\/p>\n\n\n<p class=\"has-black-color has-white-background-color has-text-color has-background has-link-color has-medium-font-size wp-elements-7728201124ba09c29fa73171faadbd07\">A Associa\u00e7\u00e3o Brasileira de Ci\u00eancia Pol\u00edtica (ABCP), comprometida com a expans\u00e3o e fortalecimento da \u00e1rea, tem estabelecido parcerias com associa\u00e7\u00f5es e organiza\u00e7\u00f5es de diversos locais, formando uma rede de colabora\u00e7\u00e3o acad\u00eamica que transcende fronteiras geogr\u00e1ficas e disciplinares. Essas colabora\u00e7\u00f5es n\u00e3o se limitam apenas ao campo da Ci\u00eancia Pol\u00edtica, mas tamb\u00e9m incluem \u00e1reas afins que podem contribuir para um di\u00e1logo interdisciplinar.<\/p>\n\n\n\n<p class=\"has-black-color has-white-background-color has-text-color has-background has-link-color has-medium-font-size wp-elements-993b2420bb7de9b6e792e60da9d21dbc\">Tais acordos visam promover a troca de conhecimentos, experi\u00eancias e boas pr\u00e1ticas entre os membros, al\u00e9m de incentivar a realiza\u00e7\u00e3o de projetos conjuntos, confer\u00eancias e publica\u00e7\u00f5es que fortale\u00e7am a pesquisa e o ensino na Ci\u00eancia Pol\u00edtica. A ABCP acredita que as intera\u00e7\u00f5es e trocas realizadas por meio dessas alian\u00e7as s\u00e3o cruciais para o desenvolvimento da \u00e1rea, proporcionando aos seus membros acesso a novas perspectivas, metodologias e oportunidades de coopera\u00e7\u00e3o internacional.<\/p>\n\n\n\n<p class=\"has-black-color has-white-background-color has-text-color has-background has-link-color has-medium-font-size wp-elements-8630842866251fe6bccef6e668334557\">Assim, a ABCP continua a expandir suas rela\u00e7\u00f5es institucionais, buscando sempre promover o crescimento da Ci\u00eancia Pol\u00edtica e suas conex\u00f5es com outras \u00e1reas do conhecimento.<\/p>\n\n\n\n<p class=\"has-black-color has-white-background-color has-text-color has-background has-link-color has-medium-font-size wp-elements-aa1f396f8b7ba9724264d259523557ed\">Associa\u00e7\u00f5es Parceiras: <\/p>\n\n\n\n<figure class=\"wp-block-gallery has-nested-images columns-3 wp-block-gallery-1 is-layout-flex wp-block-gallery-is-layout-flex\">\n<figure class=\"wp-block-image size-full\"><img fetchpriority=\"high\" decoding=\"async\" width=\"497\" height=\"229\" data-id=\"3175\" src=\"https:\/\/cienciapolitica.org.br\/web\/wp-content\/uploads\/2024\/08\/Asociacion-Espanola-de-Ciencia-Politica-y-de-la-Administracion-1.png\" alt=\"\" class=\"wp-image-3175\" srcset=\"https:\/\/cienciapolitica.org.br\/web\/wp-content\/uploads\/2024\/08\/Asociacion-Espanola-de-Ciencia-Politica-y-de-la-Administracion-1.png 497w, https:\/\/cienciapolitica.org.br\/web\/wp-content\/uploads\/2024\/08\/Asociacion-Espanola-de-Ciencia-Politica-y-de-la-Administracion-1-300x138.png 300w\" sizes=\"(max-width: 497px) 100vw, 497px\" \/><\/figure>\n\n\n\n<figure class=\"wp-block-image size-full\"><img decoding=\"async\" width=\"400\" height=\"167\" data-id=\"3185\" src=\"https:\/\/cienciapolitica.org.br\/web\/wp-content\/uploads\/2024\/08\/Associacao-Latino-Americana-de-Ciencia-Politica-ALACIP-2.jpg\" alt=\"\" class=\"wp-image-3185\" srcset=\"https:\/\/cienciapolitica.org.br\/web\/wp-content\/uploads\/2024\/08\/Associacao-Latino-Americana-de-Ciencia-Politica-ALACIP-2.jpg 400w, https:\/\/cienciapolitica.org.br\/web\/wp-content\/uploads\/2024\/08\/Associacao-Latino-Americana-de-Ciencia-Politica-ALACIP-2-300x125.jpg 300w\" sizes=\"(max-width: 400px) 100vw, 400px\" \/><\/figure>\n\n\n\n<figure class=\"wp-block-image aligncenter size-full\"><img decoding=\"async\" width=\"225\" height=\"225\" data-id=\"3177\" src=\"https:\/\/cienciapolitica.org.br\/web\/wp-content\/uploads\/2024\/08\/Associacao-Mexicana-de-Ciencia-Politica-AMECIP-2.png\" alt=\"\" class=\"wp-image-3177\" srcset=\"https:\/\/cienciapolitica.org.br\/web\/wp-content\/uploads\/2024\/08\/Associacao-Mexicana-de-Ciencia-Politica-AMECIP-2.png 225w, https:\/\/cienciapolitica.org.br\/web\/wp-content\/uploads\/2024\/08\/Associacao-Mexicana-de-Ciencia-Politica-AMECIP-2-150x150.png 150w\" sizes=\"(max-width: 225px) 100vw, 225px\" \/><\/figure>\n<\/figure>\n\n\n\n<p><\/p>\n\n\n\n<figure class=\"wp-block-gallery has-nested-images columns-3 wp-block-gallery-2 is-layout-flex wp-block-gallery-is-layout-flex\">\n<figure class=\"wp-block-image size-full\"><img loading=\"lazy\" decoding=\"async\" width=\"601\" height=\"287\" data-id=\"3179\" src=\"https:\/\/cienciapolitica.org.br\/web\/wp-content\/uploads\/2024\/08\/Associacao-Portuguesa-de-Ciencia-Politica-APCP-2.png\" alt=\"\" class=\"wp-image-3179\" srcset=\"https:\/\/cienciapolitica.org.br\/web\/wp-content\/uploads\/2024\/08\/Associacao-Portuguesa-de-Ciencia-Politica-APCP-2.png 601w, https:\/\/cienciapolitica.org.br\/web\/wp-content\/uploads\/2024\/08\/Associacao-Portuguesa-de-Ciencia-Politica-APCP-2-300x143.png 300w\" sizes=\"(max-width: 601px) 100vw, 601px\" \/><\/figure>\n\n\n\n<figure class=\"wp-block-image size-full\"><img loading=\"lazy\" decoding=\"async\" width=\"537\" height=\"290\" data-id=\"3178\" src=\"https:\/\/cienciapolitica.org.br\/web\/wp-content\/uploads\/2024\/08\/APSA-Blue-2.png\" alt=\"\" class=\"wp-image-3178\" srcset=\"https:\/\/cienciapolitica.org.br\/web\/wp-content\/uploads\/2024\/08\/APSA-Blue-2.png 537w, https:\/\/cienciapolitica.org.br\/web\/wp-content\/uploads\/2024\/08\/APSA-Blue-2-300x162.png 300w\" sizes=\"(max-width: 537px) 100vw, 537px\" \/><\/figure>\n\n\n\n<figure class=\"wp-block-image size-full\"><img loading=\"lazy\" decoding=\"async\" width=\"551\" height=\"351\" data-id=\"3180\" src=\"https:\/\/cienciapolitica.org.br\/web\/wp-content\/uploads\/2024\/08\/The-Climate-and-Land-Use-Alliance-CLUA-1.jpg\" alt=\"\" class=\"wp-image-3180\" srcset=\"https:\/\/cienciapolitica.org.br\/web\/wp-content\/uploads\/2024\/08\/The-Climate-and-Land-Use-Alliance-CLUA-1.jpg 551w, https:\/\/cienciapolitica.org.br\/web\/wp-content\/uploads\/2024\/08\/The-Climate-and-Land-Use-Alliance-CLUA-1-300x191.jpg 300w\" sizes=\"(max-width: 551px) 100vw, 551px\" \/><\/figure>\n<\/figure>\n\n\n\n<figure class=\"wp-block-gallery has-nested-images columns-3 wp-block-gallery-3 is-layout-flex wp-block-gallery-is-layout-flex\">\n<figure class=\"wp-block-image size-full\"><img loading=\"lazy\" decoding=\"async\" width=\"208\" height=\"130\" data-id=\"3335\" src=\"https:\/\/cienciapolitica.org.br\/web\/wp-content\/uploads\/2025\/02\/Sem-titulo-e1739980897681.png\" alt=\"\" class=\"wp-image-3335\"\/><\/figure>\n\n\n\n<figure class=\"wp-block-image size-full\"><img loading=\"lazy\" decoding=\"async\" width=\"666\" height=\"331\" data-id=\"3182\" src=\"https:\/\/cienciapolitica.org.br\/web\/wp-content\/uploads\/2024\/08\/International-Political-Science-Association-IPSA.jpg\" alt=\"\" class=\"wp-image-3182\" srcset=\"https:\/\/cienciapolitica.org.br\/web\/wp-content\/uploads\/2024\/08\/International-Political-Science-Association-IPSA.jpg 666w, https:\/\/cienciapolitica.org.br\/web\/wp-content\/uploads\/2024\/08\/International-Political-Science-Association-IPSA-300x149.jpg 300w\" sizes=\"(max-width: 666px) 100vw, 666px\" \/><\/figure>\n\n\n\n<figure class=\"wp-block-image size-full\"><img loading=\"lazy\" decoding=\"async\" width=\"554\" height=\"355\" data-id=\"3183\" src=\"https:\/\/cienciapolitica.org.br\/web\/wp-content\/uploads\/2024\/08\/Wapor-Latinoamerica-1.jpg\" alt=\"\" class=\"wp-image-3183\" srcset=\"https:\/\/cienciapolitica.org.br\/web\/wp-content\/uploads\/2024\/08\/Wapor-Latinoamerica-1.jpg 554w, https:\/\/cienciapolitica.org.br\/web\/wp-content\/uploads\/2024\/08\/Wapor-Latinoamerica-1-300x192.jpg 300w\" sizes=\"(max-width: 554px) 100vw, 554px\" \/><\/figure>\n<\/figure>\n\n\n\n<p><\/p>\n","protected":false},"excerpt":{"rendered":"<p>A Associa\u00e7\u00e3o Brasileira de Ci\u00eancia Pol\u00edtica (ABCP), comprometida com a expans\u00e3o e fortalecimento da \u00e1rea, tem estabelecido parcerias com associa\u00e7\u00f5es e organiza\u00e7\u00f5es de diversos locais, formando uma rede de colabora\u00e7\u00e3o acad\u00eamica que transcende fronteiras geogr\u00e1ficas e disciplinares. Essas colabora\u00e7\u00f5es n\u00e3o se limitam apenas ao campo da Ci\u00eancia Pol\u00edtica, mas tamb\u00e9m incluem \u00e1reas afins que podem contribuir para um di\u00e1logo interdisciplinar. Tais acordos visam promover a troca de conhecimentos, experi\u00eancias e boas pr\u00e1ticas entre os membros, al\u00e9m de incentivar a realiza\u00e7\u00e3o de projetos conjuntos, confer\u00eancias e publica\u00e7\u00f5es que fortale\u00e7am a pesquisa e o ensino na Ci\u00eancia Pol\u00edtica. A ABCP acredita que as intera\u00e7\u00f5es e trocas realizadas por meio dessas alian\u00e7as s\u00e3o cruciais para o desenvolvimento da \u00e1rea, proporcionando aos seus membros acesso a novas perspectivas, metodologias e oportunidades de coopera\u00e7\u00e3o internacional. Assim, a ABCP continua a expandir suas rela\u00e7\u00f5es institucionais, buscando sempre promover o crescimento da Ci\u00eancia Pol\u00edtica e suas conex\u00f5es com outras \u00e1reas do conhecimento. Associa\u00e7\u00f5es Parceiras:<\/p>\n","protected":false},"author":1,"featured_media":0,"parent":0,"menu_order":0,"comment_status":"closed","ping_status":"closed","template":"","meta":{"footnotes":""},"class_list":["post-3137","page","type-page","status-publish","hentry"],"_links":{"self":[{"href":"https:\/\/cienciapolitica.org.br\/web\/wp-json\/wp\/v2\/pages\/3137","targetHints":{"allow":["GET"]}}],"collection":[{"href":"https:\/\/cienciapolitica.org.br\/web\/wp-json\/wp\/v2\/pages"}],"about":[{"href":"https:\/\/cienciapolitica.org.br\/web\/wp-json\/wp\/v2\/types\/page"}],"author":[{"embeddable":true,"href":"https:\/\/cienciapolitica.org.br\/web\/wp-json\/wp\/v2\/users\/1"}],"replies":[{"embeddable":true,"href":"https:\/\/cienciapolitica.org.br\/web\/wp-json\/wp\/v2\/comments?post=3137"}],"version-history":[{"count":28,"href":"https:\/\/cienciapolitica.org.br\/web\/wp-json\/wp\/v2\/pages\/3137\/revisions"}],"predecessor-version":[{"id":3343,"href":"https:\/\/cienciapolitica.org.br\/web\/wp-json\/wp\/v2\/pages\/3137\/revisions\/3343"}],"wp:attachment":[{"href":"https:\/\/cienciapolitica.org.br\/web\/wp-json\/wp\/v2\/media?parent=3137"}],"curies":[{"name":"wp","href":"https:\/\/api.w.org\/{rel}","templated":true}]}}